ivide 5524724?
False
Is 9 a factor of 401931?
True
Does 456 divide 81624?
True
Is 17958 a multiple of 123?
True
Is 254 a factor of 379620?
False
Is 11210 a multiple of 19?
True
Does 2558 divide 11183732?
False
Is 172187 a multiple of 12?
False
Is 255772 a multiple of 11?
True
Is 84885 a multiple of 4?
False
Is 9 a factor of 6336693?
True
Does 94 divide 743909?
False
Does 39 divide 212021?
False
Does 2729 divide 29240983?
False
Is 5 a factor of 458807?
False
Is 3372 a multiple of 12?
True
Is 502412 a multiple of 49?
False
Is 7493093 a multiple of 53?
False
Does 7 divide 123977?
True
Is 49769 a multiple of 6?
False
Is 19 a factor of 3819?
True
Is 17 a factor of 299786?
False
Is 81 a factor of 74601?
True
Is 277685 a multiple of 703?
True
Is 26 a factor of 198475?
False
Is 362702 even?
True
Is 3158675 a multiple of 96?
False
Is 52 a factor of 5928?
True
Is 579 a factor of 179490?
True
Is 12 a factor of 600943?
False
Does 243 divide 3009933?
False
Is 10792710 a multiple of 1065?
True
Is 3383912 a multiple of 1277?
False
Is 8132321 a multiple of 1639?
False
Is 108391 a multiple of 12?
False
Is 102 a factor of 179076?
False
Does 195 divide 142590?
False
Is 264 a factor of 4721112?
True
Is 143 a factor of 8437?
True
Is 273 a factor of 410352?
False
Is 8395776 a multiple of 96?
True
Does 245 divide 74598?
False
Is 1844860 a multiple of 10?
True
Does 198 divide 6639827?
False
Is 51822 a multiple of 6?
True
Is 90 a factor of 3624480?
True
Is 11246954 a multiple of 49?
False
Does 9 divide 435133?
False
Does 10 divide 14092788?
False
Does 28 divide 1056356?
True
Is 107 a factor of 438941?
False
Is 10 a factor of 39590?
True
Does 26 divide 608608?
True
Does 10 divide 2876992?
False
Does 3 divide 7512?
True
Is 8 a factor of 1556399?
False
Is 36 a factor of 63367?
False
Is 145824 a multiple of 4?
True
Does 253 divide 3089383?
True
Is 569 a factor of 5431674?
True
Does 12 divide 128422?
False
Does 19 divide 77078?
False
Does 223 divide 427854?
False
Is 16 a factor of 221321?
False
Does 45 divide 332722?
False
Is 1865550 a multiple of 25?
True
Is 454342 a multiple of 372?
False
Is 1139 a factor of 3448230?
False
Is 10032604 a multiple of 35?
False
Does 62 divide 66054?
False
Is 315 a factor of 78435?
True
Is 10015578 a multiple of 1291?
True
Is 31 a factor of 332993?
False
Is 20 a factor of 28560?
True
Does 110 divide 5406280?
True
Is 261968 a multiple of 14?
True
Does 76 divide 2748084?
True
Does 553 divide 922404?
True
Is 8722706 a multiple of 23?
False
Does 5 divide 373786?
False
Is 7 a factor of 4946404?
False
Is 10635 a multiple of 15?
True
Is 58864 a multiple of 52?
True
Does 397 divide 2419523?
False
Is 4191188 a multiple of 9?
False
Is 36 a factor of 335577?
False
Is 17 a factor of 280347?
True
Is 530368 a multiple of 64?
True
Does 6 divide 589675?
False
Is 47 a factor of 341737?
True
Is 187300 a multiple of 40?
False
Is 3 a factor of 152373?
True
Is 10 a factor of 572770?
True
Does 3 divide 29469?
True
Does 318 divide 11926272?
True
Is 16548 a multiple of 591?
True
Is 1045 a factor of 1738880?
True
Is 256000 a multiple of 15?
False
Is 10 a factor of 259187?
False
Is 34531 a multiple of 68?
False
Is 16 a factor of 777943?
False
Does 6 divide 326382?
True
Is 479334 a multiple of 64?
False
Does 455 divide 6129248?
False
Is 829848 a multiple of 426?
True
Does 664 divide 2949471?
False
Is 94 a factor of 716981?
False
Does 384 divide 20988672?
True
Is 34 a factor of 760648?
True
Is 2123120 a multiple of 61?
False
Does 135 divide 443340?
True
Is 3087800 a multiple of 50?
True
Does 12 divide 103695?
False
Does 159 divide 2374188?
True
Does 9 divide 91284?
False
Is 8808320 a multiple of 17?
False
Is 55 a factor of 60789?
False
Does 218 divide 6973384?
True
Does 3 divide 9381?
True
Does 10 divide 42802?
False
Is 83374 a multiple of 10?
False
Does 22 divide 1640122?
True
Does 87 divide 10409?
False
Is 2595750 a multiple of 375?
True
Does 6 divide 16599?
False
Is 81362 a multiple of 14?
False
Does 49 divide 87171?
True
Is 519435 a multiple of 255?
True
Is 1596537 a multiple of 27?
True
Does 15 divide 13051410?
True
Is 30 a factor of 4513620?
True
Does 2 divide 349?
False
Is 110 a factor of 92568?
False
Is 189816 a multiple of 24?
True
Does 31 divide 595262?
True
Is 18 a factor of 48582?
True
Does 50 divide 23800?
True
Is 182779 a multiple of 31?
False
Does 8 divide 199184?
True
Is 4 a factor of 5855947?
False
Is 5 a factor of 97422?
False
Is 15 a factor of 53445?
True
Is 636753 a multiple of 32?
False
Does 247 divide 876396?
False
Is 1033284 a multiple of 5?
False
Does 80 divide 2068?
False
Is 17837 a multiple of 299?
False
Is 3 a factor of 59836?
False
Is 11 a factor of 20988?
True
Is 497 a factor of 3133088?
True
Does 297 divide 235908?
False
Is 408 a factor of 1112627?
False
Does 1508 divide 3946436?
True
Does 318 divide 1644301?
False
Does 191 divide 8295512?
True
Does 170 divide 1552678?
False
Does 263 divide 2027247?
False
Is 11 a factor of 699437?
False
Is 195 a factor of 382874?
False
Does 15 divide 48566?
False
Is 2 a factor of 3375?
False
Does 41 divide 4123535?
False
Does 42 divide 1527204?
True
Is 5990166 a multiple of 9?
True
Is 568398 a multiple of 366?
True
Does 37 divide 250342?
True
Is 76336 a multiple of 8?
True
Is 24 a factor of 150908?
False
Is 151182 a multiple of 74?
True
Is 251 a factor of 622709?
False
Does 951 divide 3386531?
False
Is 45 a factor of 5091729?
False
Is 7 a factor of 381944?
False
Does 3 divide 86594?
False
Is 7 a factor of 378462?
True
Is 42 a factor of 167581?
False
Is 70341 a multiple of 55?
False
Does 307 divide 1477591?
True
Is 2 a factor of 338730?
True
Is 191903 a multiple of 30?
False
Is 3 a factor of 11859?
True
Is 19 a factor of 10662265?
False
Is 4472662 a multiple of 42?
False
Is 798003 a multiple of 19?
False
Is 396 a factor of 548856?
True
Is 18 a factor of 57330?
True
Is 137750 a multiple of 25?
True
Is 1237676 a multiple of 1223?
True
Is 586420 a multiple of 15?
False
Is 385317 a multiple of 81?
True
Is 871658 a multiple of 1654?
True
Is 21 a factor of 5303445?
True
Is 14479198 a multiple of 12?
False
Does 93 divide 4275210?
True
Is 23 a factor of 217921?
False
Does 41 divide 705323?
True
Does 145 divide 10170155?
True
Is 173137 a multiple of 248?
False
Is 24 a factor of 540258?
False
Is 2066190 a multiple of 21?
True
Does 72 divide 38520?
True
Is 16 a factor of 229333?
False
Is 1529819 a multiple of 809?
True
Is 298 a factor of 3588516?
True
Is 2504335 a multiple of 130?
False
Is 103154 a multiple of 7?
False
Does 436 divide 104204?
True
Is 47 a factor of 554689?
False
Does 11 divide 85030?
True
Does 17 divide 1139139?
False
Does 109 divide 3765579?
False
Does 88 divide 42495?
False
Is 401082 a multiple of 59?
True
Is 23 a factor of 9202051?
False
Is 499920 a multiple of 48?
True
Is 717 a factor of 2653387?
False
Is 9 a factor of 319887?
True
Is 7201844 a multiple of 13?
True
Is 26 a factor of 442800?
False
Is 290 a factor of 794310?
True
Is 64 a factor of 2862525?
False
Is 27 a factor of 5817177?
True
Is 304605 a multiple of 31?
False
Does 10 divide 72270?
True
Is 1072153 a multiple of 11?
False
Is 2 a factor of 222329?
False
Is 241729 a multiple of 21?
False
Is 147108 a multiple of 52?
True
Is 8 a factor of 789645?
False
Is 31 a factor of 5258169?
False
Does 1180 divide 3442060?
True
Does 105 divide 140744?
False
Is 333 a factor of 150183?
True
Does 112 divide 733152?
True
Is 6 a factor of 528222?
True
Is 90 a factor of 53010?
True
Is 20 a factor of 3234541?
False
Is 7 a factor of 7161?
True
Does 264 divide 308616?
True
Does 2 divide 676?
True
Is 178402 a multiple of 19?
False
Is 5702868 a multiple of 9?
True
Is 210 a factor of 308141?
False
Is 507566 a multiple of 37?
True
Is 16 a factor of 6617712?
True
Is 436 a factor of 2240641?
False
Is 42 a factor of 654145?
False
Is 25 a factor of 346359?
False
Does 121 divide 2443595?
True
Is 257 a factor of 328274?
False
Does 8 divide 7479824?
True
Is 165 a factor of 488536?
False
Is 82375 a multiple of 84?
False
Is 22 a factor of 6752526?
True
Is 256 a factor of 314624?
True
Is 12611671 a multiple of 17?
True
Does 57 divide 31464?
True
Is 4362744 a multiple of 24?
True
Is 168389 a multiple of 13?
True
Does 19 divide 9310608?
True
Is 43 a factor of 2066068?
F